nder when 51035 is divided by 13?
10
What is the remainder when 436 is divided by 214?
8
Calculate the remainder when 234 is divided by 3.
0
Calculate the remainder when 42 is divided by 27.
15
Calculate the remainder when 250 is divided by 75.
25
What is the remainder when 239 is divided by 63?
50
Calculate the remainder when 114 is divided by 8.
2
Calculate the remainder when 20 is divided by 8.
4
Calculate the remainder when 1030 is divided by 1013.
17
What is the remainder when 1250 is divided by 398?
56
What is the remainder when 2206 is divided by 138?
136
Calculate the remainder when 298 is divided by 295.
3
Calculate the remainder when 521 is divided by 83.
23
Calculate the remainder when 56 is divided by 50.
6
Calculate the remainder when 95 is divided by 43.
9
What is the remainder when 475 is divided by 44?
35
Calculate the remainder when 175 is divided by 45.
40
What is the remainder when 16871 is divided by 26?
23
What is the remainder when 371 is divided by 116?
23
Calculate the remainder when 429 is divided by 54.
51
What is the remainder when 60 is divided by 32?
28
Calculate the remainder when 183 is divided by 79.
25
What is the remainder when 248 is divided by 57?
20
What is the remainder when 778 is divided by 30?
28
What is the remainder when 194 is divided by 105?
89
Calculate the remainder when 589 is divided by 17.
11
What is the remainder when 489 is divided by 7?
6
Calculate the remainder when 773 is divided by 78.
71
What is the remainder when 4345 is divided by 32?
25
Calculate the remainder when 185 is divided by 31.
30
What is the remainder when 101 is divided by 6?
5
What is the remainder when 1735 is divided by 9?
7
Calculate the remainder when 367 is divided by 97.
76
Calculate the remainder when 5840 is divided by 1945.
5
What is the remainder when 18797 is divided by 25?
22
What is the remainder when 1769 is divided by 11?
9
Calculate the remainder when 928 is divided by 31.
29
What is the remainder when 5667 is divided by 30?
27
What is the remainder when 1274 is divided by 10?
4
Calculate the remainder when 329 is divided by 10.
9
Calculate the remainder when 1832 is divided by 14.
12
Calculate the remainder when 54 is divided by 20.
14
What is the remainder when 140 is divided by 36?
32
What is the remainder when 40422 is divided by 8?
6
What is the remainder when 99 is divided by 12?
3
What is the remainder when 186 is divided by 60?
6
Calculate the remainder when 748 is divided by 67.
11
Calculate the remainder when 585 is divided by 99.
90
Calculate the remainder when 28 is divided by 16.
12
Calculate the remainder when 227 is divided by 48.
35
What is the remainder when 575 is divided by 181?
32
Calculate the remainder when 810 is divided by 272.
266
What is the remainder when 285 is divided by 179?
106
Calculate the remainder when 3808 is divided by 190.
8
Calculate the remainder when 1175 is divided by 26.
5
What is the remainder when 273 is divided by 11?
9
What is the remainder when 38146 is divided by 44?
42
What is the remainder when 466 is divided by 52?
50
Calculate the remainder when 97 is divided by 22.
9
What is the remainder when 430 is divided by 108?
106
What is the remainder when 273 is divided by 69?
66
Calculate the remainder when 3099 is divided by 94.
91
Calculate the remainder when 208 is divided by 185.
23
What is the remainder when 305 is divided by 82?
59
What is the remainder when 197 is divided by 100?
97
Calculate the remainder when 4225 is divided by 15.
10
Calculate the remainder when 116 is divided by 113.
3
Calculate the remainder when 89 is divided by 35.
19
Calculate the remainder when 15483 is divided by 11.
6
What is the remainder when 481 is divided by 42?
19
What is the remainder when 80 is divided by 30?
20
Calculate the remainder when 195 is divided by 179.
16
Calculate the remainder when 1146 is divided by 423.
300
What is the remainder when 22 is divided by 7?
1
What is the remainder when 597 is divided by 10?
7
What is the remainder when 125739 is divided by 38?
35
Calculate the remainder when 57769 is divided by 218.
217
Calculate the remainder when 311 is divided by 64.
55
Calculate the remainder when 893 is divided by 110.
13
Calculate the remainder when 1938 is divided by 27.
21
What is the remainder when 627 is divided by 45?
42
Calculate the remainder when 142 is divided by 60.
22
What is the remainder when 339 is divided by 43?
38
What is the remainder when 262 is divided by 14?
10
Calculate the remainder when 103 is divided by 53.
50
What is the remainder when 155 is divided by 16?
11
What is the remainder when 122 is divided by 32?
26
Calculate the remainder when 2078 is divided by 33.
32
What is the remainder when 1815 is divided by 604?
3
Calculate the remainder when 98 is divided by 17.
13
Calculate the remainder when 337 is divided by 90.
67
What is the remainder when 359 is divided by 60?
59
What is the remainder when 995 is divided by 250?
245
What is the remainder when 1862 is divided by 33?
14
What is the remainder when 842 is divided by 5?
2
Calculate the remainder when 188 is divided by 19.
17
Calculate the remainder when 99 is divided by 54.
45
What is the remainder when 838 is divided by 84?
82
What is the remainder when 930 is divided by 137?
108
Calculate the remainder when 921 is divided by 31.
22
Calculate the remainder when 186 is divided by 44.
10
What is the remainder when 155 is divided by 40?
35
What is the remainder when 550 is divided by 245?
60
What is the remainder when 2127 is divided by 19?
18
What is the remainder when 5849 is divided by 13?
12
Calculate the remainder when 97 is divided by 17.
12
Calculate the remainder when 590 is divided by 9.
5
Calculate the remainder when 63 is divided by 5.
3
Calculate the remainder when 225 is divided by 10.
5
What is the remainder when 105 is divided by 35?
0
What is the remainder when 76 is divided by 13?
11
What is the remainder when 649 is divided by 31?
29
Calculate the remainder when 559 is divided by 112.
111
What is the remainder when 407 is divided by 5?
2
Calculate the remainder when 603 is divided by 42.
15
Calculate the remainder when 332 is divided by 102.
26
What is the remainder when 635 is divided by 22?
19
Calculate the remainder when 30145 is divided by 201.
196
What is the remainder when 184 is divided by 43?
12
Calculate the remainder when 700 is divided by 37.
34
Calculate the remainder when 311 is divided by 78.
77
Calculate the remainder when 400 is divided by 67.
65
What is the remainder when 1490 is divided by 484?
38
Calculate the remainder when 734 is divided by 35.
34
Calculate the remainder when 1782 is divided by 105.
102
What is the remainder when 1727 is divided by 96?
95
Calculate the remainder when 340 is divided by 69.
64
Calculate the remainder when 1553 is divided by 38.
33
Calculate the remainder when 172 is divided by 32.
12
What is the remainder when 6233 is divided by 169?
149
Calculate the remainder when 322 is divided by 164.
158
What is the remainder when 89 is divided by 15?
14
Calculate the remainder when 1887 is divided by 61.
57
What is the remainder when 213 is divided by 135?
78
Calculate the remainder when 93 is divided by 37.
19
What is the remainder when 118 is divided by 30?
28
What is the remainder when 31 is divided by 10?
1
What is the remainder when 56 is divided by 10?
6
What is the remainder when 445 is divided by 75?
70
What is the remainder when 4249 is divided by 109?
107
What is the remainder when 192 is divided by 33?
27
What is the remainder when 4226 is divided by 51?
44
Calculate the remainder when 570 is divided by 147.
129
Calculate the remainder when 328 is divided by 22.
20
What is the remainder when 843 is divided by 61?
50
Calculate the remainder when 530 is divided by 28.
26
What is the remainder when 611 is divided by 88?
83
Calculate the remainder when 3040 is divided by 255.
235
What is the remainder when 60 is divided by 14?
4
Calculate the remainder when 628 is divided by 7.
5
What is the remainder when 1664 is divided by 57?
11
What is the remainder when 131 is divided by 36?
23
Calculate the remainder when 132 is divided by 35.
27
Calculate the remainder when 127 is divided by 10.
7
What is the remain